- 1. Suppose d - 5 = -4*d. Let j(r) = d*x(r) + 6*b(r). Determine j(6).
2
Suppose -4*p + 3*l - 87 = 0, -7*p - 82 = -3*p - 2*l. Let b = p - -17. Let r(g) = -g**2 - 1. What is r(b)?
-2
Let b(u) = 6*u - 3 - 2*u + 7 - 5. Calculate b(1).
3
Let d = 21 - 1. Suppose -l + 2*l + 4*u + 14 = 0, 2*l - 4*u = d. Let v(q) = 5 - l + 0 + q + 0. Calculate v(-2).
1
Let o(y) = -y + 10. Let c be o(12). Let w(s) be the third derivative of -s**5/60 + s**4/24 + s**3/3 + 13*s**2. Calculate w(c).
-4
Suppose w - 14 = -18. Let o(n) = -3*n - 3. Determine o(w).
9
Let v(y) = -y - 1. Let x be (5 - 1)*322/8. Let w be (2/7)/((-23)/x). Give v(w).
1
Let h(f) = -f**3 - f - 1. Let w(t) = -4*t**3 + 9*t**2 - 11*t + 3. Let r(n) = 3*h(n) - w(n). Calculate r(8).
-6
Let j be (-3)/(((-57)/(-10))/(-19)). Let x(a) = a**2 - 13*a - 6. Determine x(j).
-36
Let m = -1266 + 1272. Let g(n) = n**3 - 5*n**2 - 10*n + 12. Calculate g(m).
-12
Let o(b) = -5*b**3 + 28*b - 71. Let c(i) = i**3 - 5*i + 13. Let p(g) = -11*c(g) - 2*o(g). Suppose -3*j = 2*r - r, -r + 4*j = 0. Give p(r).
-1
Suppose 4*z + 117 = z. Let g be 20/(-35) + z/(-7). Let p(a) = a - 2. Determine p(g).
3
Let x(f) be the third derivative of -f**6/120 - f**5/6 - 5*f**4/12 - 4*f**3/3 - 29*f**2. Let z(s) = s - 5. Let j be z(7). Let q be j/5 + 47/(-5). Give x(q).
1
Let y(p) be the second derivative of -p**4/12 - p**3/6 + 11*p**2 + 5*p + 1. Determine y(0).
22
Let k(s) = -5*s - 12. Let g be (-22)/(-5) + (-8)/20. Let t(x) = -50 - 2*x + 12 - 7*x + 15. Let y(d) = g*t(d) - 7*k(d). Calculate y(0).
-8
Let i(x) be the third derivative of 0 + 0*x**5 + 5*x**2 + 1/6*x**3 + 0*x + 1/24*x**6 + 0*x**4. Suppose -w + 5*q = 26 - 5, -8 = -2*q. Calculate i(w).
-4
Let k(h) = -h**3 - 4*h**2 + 7. Suppose 8*o + p = 3*o - 14, 1 = -o - 2*p. What is k(o)?
-2
Let z(t) = -t**3 - 4*t**2 + 9*t - 16. Let x be z(-6). Let v(j) be the third derivative of -1/60*j**5 - 1/6*j**3 + 0*j - 2*j**x + 0 + 1/8*j**4. Calculate v(1).
1
Let l(r) = -866 + 1707 - 835 + 4*r. Calculate l(-5).
-14
Let g be (-3)/(-54)*4 + 425/153. Let a(d) be the second derivative of 8*d - 1/3*d**g + 3/2*d**2 + 0. Determine a(-4).
11
Let k(n) = -6*n - 20. Let f(g) = -2*g - 7. Let b(s) = 8*f(s) - 3*k(s). Suppose -4*l - 9 = 3*r, 14 = 5*l + 2*r + 27. What is b(l)?
-2
Let m(k) be the third derivative of 0*k - 3/2*k**3 + 0 - 1/12*k**4 - 4*k**2. What is m(-6)?
3
Let l(u) be the third derivative of u**5/20 - u**4/24 - 5*u**3/6 + 433*u**2. Calculate l(-3).
25
Let m = 15 - 9. Suppose 0 = -0*r - m*r + 12. Let v(o) = o + o**2 - r + 2 - 7*o. Determine v(5).
-5
Let h(w) = 4*w - 5. Let t be h(6). Let k(b) = -t*b**3 + 2*b**2 + 4 - 4*b + 18*b**3 + 2*b**2 + 5*b. Calculate k(4).
8
Let x(h) be the third derivative of -h**6/120 - h**5/6 - 7*h**4/24 - h**3/6 + 49*h**2. Determine x(-9).
-19
Let m be (0 + 1)*-5 + 5. Let f(j) = -110*j + m + 1 + 2 + 112*j - 2*j**2. Calculate f(4).
-21
Let t(x) = 1 + x + 1 - 2*x. Let p be 8/6 + -3 + (-40)/12. What is t(p)?
7
Let u(p) be the second derivative of 5/2*p**2 + 0 + 1/6*p**3 - 4*p. What is u(-7)?
-2
Let v be (20/(8/(-4)))/(-2). Let x(b) = b**3 - 5*b**2 + b - 3. Let m be x(v). Let f(n) = 0*n**m + 5 - 2*n + n**3 - 4 - 3*n**2. Determine f(-2).
-15
Let i(w) = 3*w + 1. Let f be i(2). Suppose 4*z + 0*l + 7 = -3*l, -z + l = -f. Suppose 0 = z*y - 6. Let d(n) = -2*n + 1. Calculate d(y).
-5
Let z = -32 + 34. Let k(u) = z - 3 - 2 + u**2 - 5*u - 2. Let p be (5 - -4)/((-3)/(-2)). Give k(p).
1
Let t(l) = -2*l**3 + 17*l**2 - 11*l - 72. Let w be t(7). Let n(v) = 13*v - 2. Determine n(w).
-28
Let x(k) = 4*k + 1. Let b(j) = j - 8. Let u be b(10). Suppose 2*c = u*m - 6, -3*c = m - 3*m + 7. Calculate x(m).
9
Let r(a) = -1159*a - 3*a**3 + 1161*a + 4*a**3 - 11 - 9*a**2. Give r(9).
7
Let i(f) = -f**3 - 6. Let l(s) = -17*s**2 + 3*s + 7*s**2 + 6 + 4 + 9*s**2. Let r be l(-2). Calculate i(r).
-6
Let n = 5 + -7. Let r(o) = -2*o**2 + o + 2. Let l(s) = 4*s**2 - 3*s - 5. Let j(v) = 3*l(v) + 7*r(v). Calculate j(n).
-5
Let y(r) be the second derivative of r**3/6 + r**2/2 + 8*r. Suppose 6*v = -2*t + 3*v, -2*v = -t. What is y(t)?
1
Let c(q) = q**3 + 3*q**2 - 8*q - 3. Let b = 247 + -268. Let f(g) = -10*g + 4. Let v be f(3). Let y = v - b. Calculate c(y).
-13
Let l(j) be the first derivative of -j**3/3 + j**2/2 + 10*j + 11. Let w = -30 + 30. Give l(w).
10
Let b(z) = 4*z - 4. Let x = -1898 - -1894. Give b(x).
-20
Suppose -4*r - 3*s = -16, -20 = 4*r - 9*r + 3*s. Suppose -r*x - 33 = -29. Let i(j) = 7*j**2 - 1. Calculate i(x).
6
Let p(j) = 5*j + 1. Let c be p(2). Suppose -19 = -4*a - c. Let g(k) = -4*k + 2. Determine g(a).
-6
Let f(h) be the first derivative of h**4/4 + 10*h**3/3 - 9*h**2/2 + 16*h - 483. Suppose -22 = 2*k + 3*q, -3 = -k - 4*q - 14. Determine f(k).
-6
Let c(b) = 2 - 205*b - 207*b + 411*b. What is c(-3)?
5
Let y(z) be the third derivative of 7*z**4/24 + z**3/3 + 84*z**2. Give y(2).
16
Let l(m) be the third derivative of -1/24*m**4 + 1/120*m**6 + 0*m**5 + 4*m + 0 + 0*m**3 - 2*m**2. Determine l(-1).
0
Let f(u) = -u**3 + u**2 + u - 1. Let j be 1*(4 - 1 - 29). Let r be j/(-12) + 2/(-12). Give f(r).
-3
Let r(p) be the first derivative of -p**4/4 + 5*p**3/3 + 4*p**2 - 8*p - 2. Let g be (2 - -7)*(-2 + (-24)/(-9)). Give r(g).
4
Let y be 10/(-9) + 6/54 + 2. Let n(q) = y + 43*q - 42*q - 2*q**2 + 6*q**2. Calculate n(-1).
4
Let v(u) = u - 2. Suppose -19 = -x - 21. Determine v(x).
-4
Suppose -2*w + 15 = -5*i, 0 = -21*w + 26*w - 25. Let y(t) = 12*t**3 + t + 1. Calculate y(i).
-12
Let f(a) = a**3 + a**2 - 4*a + 3. Let u = 1347 - 1350. Calculate f(u).
-3
Let u be (2 + (-4)/2)/(-2). Let c(h) be the first derivative of -5*h - 1/3*h**3 - 13 + 1/2*h**2 - 1/4*h**4. Determine c(u).
-5
Let y(p) = p - 7. Let t be (4/((-8)/3))/(10/(-20)). What is y(t)?
-4
Let p(j) = -34*j - 16. Let q be (-2)/7 + 525/(-49). Let r(i) = -7*i - 3. Let y(o) = q*r(o) + 2*p(o). Let v be 1/(4/12) - 4. Give y(v).
-8
Let r(n) = n**3 + 0*n**3 - 5 - 3*n - 5*n**2 + 0*n**3. Let h = -514 - -737. Suppose h = -5*q + 253. Determine r(q).
13
Let i be 8/(-3 + (3 - 2)). Let q be 13 + (-2 - (-8)/i). Let r(m) = -3*m - 28. Let z(v) = -2*v - 14. Let k(g) = 3*r(g) - 5*z(g). Give k(q).
-5
Let v(q) = q + 2*q - 1 + 5 - 4*q + 7. Give v(-5).
16
Let x be (-4)/(-12) + (78/9)/(-2). Let y(d) = 4*d - 2. Calculate y(x).
-18
Let p(w) = -w**3 + 7*w**2 - 8*w. Let b(g) = 2*g - 3. Let q be b(8). Suppose 0 = 3*t - 2 - q. Let i = t - -1. Calculate p(i).
-12
Let m = 5 + 33. Suppose 4*b - 14 = -m. Let t(d) = d**2 + 6*d + 5. What is t(b)?
5
Let q be (8 - 1) + (1 - -2)*-1. Let r(u) = 3*u + u + 4 - q*u - 2*u. Give r(6).
-8
Let c(w) = -w**2 - w - 2. Let v(f) = 85*f**2 + 3*f - 1. Let o be v(1). Let g = o + -85. What is c(g)?
-8
Let l(z) be the third derivative of -1/2*z**3 + 0 - 16*z**2 - 1/8*z**4 + 0*z. What is l(-2)?
3
Let d(f) = f**2 + 7*f - 3. Let g(v) = -v**2 + 1. Let j(c) = -d(c) - 2*g(c). Suppose 14 + 2 = 4*b. Give j(b).
-11
Let o(g) be the first derivative of 3*g - 6 + 0*g**2 + 0*g**3 + 1/4*g**4. Calculate o(0).
3
Suppose -t + 12 = 2. Suppose -g - 5 + t = 0. Let s(d) = -4*d**2 + d - 1 - 4 - d**3 - g*d + 4. Determine s(-3).
2
Let z(u) be the third derivative of u**5/60 - 3*u**4/8 + 5*u**3/6 + 4*u**2. Let f be z(8). Let n(c) = 3*c + 1. Give n(f).
-8
Let u(v) = 5*v**2 - 5*v - 10. Let m(d) = d**2 - d - 2. Let f(h) = -5*h + 18. Let l be f(4). Let z(j) = l*u(j) + 11*m(j). Give z(-2).
4
Let z(s) = 74726 - 16*s - 4*s**2 - 74682 + 5*s**2. Give z(13).
5
Let r(z) = 13 - 8*z - 14*z**2 + 14*z**2 + z**2. Determine r(9).
22
Let r(x) be the first derivative of -x**3/3 - 9*x**2/2 + 9*x - 365. What is r(-10)?
-1
Let j(z) be the second derivative of -z**4/6 + 3*z**3/2 + 2*z**2 - 13*z + 8. Give j(5).
-1
Let g(v) = -v**2 - 4. Let h be ((-56)/(-7))/2*2/4. Suppose -h*i = i. Determine g(i).
-4
Let c(d) = 2*d**2 - 4*d - 2. Let j = 970 - 973. Determine c(j).
28
Suppose -c = c - 4. Let v(r) be the first derivative of r**4/4 - r**2 + 3*r - 377. Determine v(c).
7
Let m(a) = -a**2 - 4*a + 3. Let c(z) = z**2 + 13*z + 23. Let t(d) = d**2 + 12*d + 21. Let v(i) = -2*c(i) + 3*t(i). Let h = -12 + 5. Let l be v(h). What is m(l)?
3
Let y(x) = 6*x - 1. Suppose 5*s - 37 = -3*g, -4*s + 35 = g + 11. Suppose 0 = -2*t + g - 2. Calculate y(t).
5
Let p = 1 + -6. Suppose 18*g - 8*g = 20. Let k(t) = 5*t**2 - 4*t**3 - g*t - 19 + 5*t**3 + 15. Calculat